 130. What is r(-32)?
-34
Let y(l) = l**3 - 14*l**2 + 135*l - 449. Give y(5).
1
Let y(f) = -42*f - 11. What is y(0)?
-11
Let p(y) = -3*y**3 + 65*y**2 + 29*y - 200. What is p(22)?
-46
Let x(c) = -1170*c + 16367. Give x(14).
-13
Let y(j) = 46*j - 136. Determine y(4).
48
Let y(c) = c**3 - 101*c**2 + 470*c + 970. Give y(96).
10
Let u(q) = -4*q**2 + 38*q - 3. Calculate u(10).
-23
Let l(k) = k**2 + 176*k - 4370. Determine l(22).
-14
Let i(n) = -7*n**2 - 318*n + 2978. Determine i(8).
-14
Let x(q) = -32*q**3 - q**2 + 3*q + 4. Calculate x(-2).
250
Let j(v) = 26*v + 589. Calculate j(-22).
17
Let l(u) = 2*u**3 - 14*u**2 + 12*u - 4. Calculate l(6).
-4
Let x(y) = 2*y**3 + 59*y**2 + 27*y + 31. What is x(-29)?
89
Let x(k) = 138*k - 1383. Calculate x(10).
-3
Let i(o) = o**3 - 115*o**2 + 1746*o - 11. Determine i(97).
-11
Let f(j) = 3*j**2 - 140*j + 819. What is f(40)?
19
Let o(s) = -392*s - 28243. Give o(-72).
-19
Let v(d) = 2*d**3 - 46*d**2 + 38*d + 137. Calculate v(22).
5
Let s(r) = -11*r - 363. What is s(-33)?
0
Let a(v) = 2*v**3 - 80*v**2 - 89*v + 66. Calculate a(41).
-221
Let n(v) = v**3 + 154*v**2 - 2184*v - 2168. Give n(-167).
3
Let w(m) = -m**3 - 5*m**2 + 92*m + 509. Give w(-6).
-7
Let q(k) = -k**2 + 40*k + 28. Determine q(41).
-13
Let v(o) = 3*o**3 - 34*o**2 - 110*o - 26. What is v(14)?
2
Let w(r) = -r**2 + 259*r + 2956. Calculate w(-11).
-14
Let a(c) = 7*c**2 + 23*c - 246. Determine a(-8).
18
Let o(w) = -w**3 - 51*w**2 - 440*w + 1. Determine o(-40).
1
Let z(q) = 2*q**3 - 3*q**2 - 5*q + 3. What is z(4)?
63
Let i(r) = 14*r + 112. Give i(21).
406
Let f(v) = 59*v + 696. Calculate f(-12).
-12
Let q(g) = -g**3 - 13*g**2 - 10*g + 32. What is q(-10)?
-168
Let q(a) = -2*a**3 + 23*a**2 - 7*a + 40. What is q(11)?
84
Let z(f) = -152*f - 771. Determine z(-5).
-11
Let z(y) = -326*y - 1953. Determine z(-6).
3
Let w(b) = -b**3 + 8*b**2 + 26*b - 110. What is w(9)?
43
Let o(y) = 5*y**2 + 36*y + 7. Calculate o(-8).
39
Let h(s) = 2*s**3 - 75*s**2 + 2*s - 1359. What is h(38)?
161
Let l(d) = -4*d**3 - 30*d**2 + 15*d - 23. Give l(-8).
-15
Let g(l) = -199*l + 488. Calculate g(3).
-109
Let o(g) = -2*g**2 + 206*g - 2491. What is o(14)?
1
Let u(c) = -c**2 + 58*c - 785. Determine u(24).
31
Let w(g) = 4*g**2 + 10*g + 51. Give w(-8).
227
Let h(m) = -488*m + 6346. Give h(13).
2
Let m(h) = -h**2 + 18*h + 112. What is m(20)?
72
Let n(b) = -2*b**3 - 20*b**2 - 6*b - 6. Calculate n(-10).
54
Let g(y) = 585*y**2 - 152*y + 155. Give g(1).
588
Let m(p) = -p**3 + 28*p**2 - 6*p - 11. Calculate m(0).
-11
Let c(r) = r**2 - 67*r + 18. Give c(65).
-112
Let g(n) = -100*n + 3385. Calculate g(34).
-15
Let h(y) = -y**3 - 11*y**2 - 35*y - 31. What is h(-8)?
57
Let a(k) = 3*k**2 + 685*k - 2043. Calculate a(3).
39
Let l(y) = y**3 - 71*y**2 + 69*y + 82. Give l(70).
12
Let m(w) = -w**2 - 428*w + 11217. Determine m(25).
-108
Let x(d) = -d - 7. What is x(24)?
-31
Let c(b) = 105*b - 1567. What is c(15)?
8
Let m(s) = s**3 + 5*s**2 + 10. Calculate m(-7).
-88
Let u(s) = -s**3 - 8*s**2 - s + 30. Determine u(-8).
38
Let d(x) = -76*x - 19. Determine d(-1).
57
Let h(s) = -s**2 + 62*s + 3799. Calculate h(-38).
-1
Let d(s) = -264*s - 520. Calculate d(-2).
8
Let j(g) = -g**2 - 28*g - 158. Calculate j(-21).
-11
Let a(f) = -f**3 - 14*f**2 - 12*f. Determine a(-8).
-288
Let v(o) = -o**2 + 11*o + 5. Give v(-4).
-55
Let c(t) = 2*t**3 + 36*t**2 + 15*t + 286. Calculate c(-17).
609
Let o(b) = -b**3 + 12*b**2 - 19*b + 88. Determine o(0).
88
Let c(u) = 258*u**2 - 1540*u - 63. Give c(6).
-15
Let d(k) = k**2 + 39*k + 389. Determine d(-22).
15
Let a(v) = v**3 - 63*v**2 - 193*v + 19. What is a(-3)?
4
Let w(r) = -112*r - 305. Give w(-4).
143
Let o(n) = -4*n**2 - 10*n + 1535. What is o(-21)?
-19
Let x(d) = -64*d**2 + 644*d + 7. Determine x(10).
47
Let d(z) = z**2 + 1407*z + 9807. What is d(-7)?
7
Let s(l) = l**3 - 21*l**2 + 21*l + 83. Determine s(19).
-240
Let k(f) = 4*f**3 + 3*f**2 + 17*f - 36. What is k(2)?
42
Let b(v) = -13*v**3 - 6*v**2 + 37*v + 24. What is b(4)?
-756
Let f(a) = 15*a**2 - 360*a + 204. What is f(23)?
-141
Let r(t) = -47*t + 205. What is r(4)?
17
Let m(v) = -25*v + 73. What is m(3)?
-2
Let w(x) = -30*x - 182. Calculate w(-9).
88
Let x(g) = -51*g + 154. Calculate x(-5).
409
Let w(r) = 2*r**2 - 230*r + 1133. What is w(5)?
33
Let q(w) = 1154*w - 54227. Give q(47).
11
Let g(s) = -s**3 - 10*s**2 + 2*s + 3. What is g(-3)?
-66
Let h(u) = -u**3 + 21*u**2 + u - 437. Calculate h(20).
-17
Let d(t) = 3*t**2 + 273*t + 624. What is d(-88)?
-168
Let i(h) = -h**3 - 8*h**2 - 451*h - 3127. Calculate i(-7).
-19
Let f(r) = -r**2 - 158*r - 4777. Calculate f(-117).
20
Let k(z) = 2*z**2 - 112*z + 66. Give k(44).
-990
Let b(x) = x**3 - 63*x**2 - 31*x + 1909. Give b(63).
-44
Let r(v) = -92*v**2 - 478*v - 76. Give r(-5).
14
Let v(i) = -i**2 + 9*i + 2. Give v(10).
-8
Let j(g) = -g**3 + 83*g**2 - 156*g - 495. Calculate j(81).
-9
Let c(q) = 67*q**3 - q**2 - 3*q + 2. Determine c(1).
65
Let b(l) = -4*l**3 - 34*l**2 - 14*l + 6. What is b(-8)?
-10
Let b(l) = -l**3 - 34*l**2 - 85*l + 20. Determine b(-31).
-228
Let p(z) = z**2 + 14*z - 150. Determine p(-29).
285
Let a(o) = -2*o**2 + 68*o - 60. Determine a(33).
6
Let k(a) = 9*a**2 - 112*a + 21. Give k(12).
-27
Let d(v) = v**3 - 8*v - 32. Calculate d(-5).
-117
Let u(g) = 20010*g - 100045. What is u(5)?
5
Let l(c) = c**3 - 71*c**2 + 89*c - 1335. What is l(70)?
-5
Let l(v) = -625*v + 1699. Determine l(4).
-801
Let z(h) = -147*h - 621. Calculate z(-5).
114
Let d(u) = -u**2 + 45539*u + 136627. Determine d(-3).
1
Let k(b) = -b**2 + 498*b + 2506. What is k(-5)?
-9
Let c(i) = -i**2 + 3*i + 223. Determine c(16).
15
Let h(v) = -4*v**3 - 4*v**2 + 19*v + 32. Give h(-2).
10
Let d(n) = 45*n + 1599. Determine d(-36).
-21
Let x(g) = -6*g + 279. Determine x(50).
-21
Let r(x) = -x**2 - 164*x - 1133. Calculate r(-7).
-34
Let j(z) = 2*z**3 - 38*z**2 - 173*z - 260. Determine j(23).
-7
Let x(u) = u**3 - 4*u**2 - 26*u + 105. Determine x(5).
0
Let h(n) = -2*n**3 + 39*n**2 + 116*n - 32. Calculate h(22).
100
Let s(a) = 39*a**2 + 152*a - 2. Determine s(-5).
213
Let n(m) = 284*m + 5675. Calculate n(-20).
-5
Let i(j) = j**3 + 7*j**2 - 10*j - 22. What is i(-8)?
-6
Let a(n) = -26*n**2 + 21*n. Give a(1).
-5
Let y(m) = -3*m**2 + 5*m + 27. Determine y(6).
-51
Let x(w) = 3*w**2 + 13*w - 122. Determine x(-11).
98
Let s(k) = -k**3 - 8*k**2 + 88*k + 711. Calculate s(-8).
7
Let z(l) = -2*l**2 + 54*l - 331. What is z(13)?
33
Let o(y) = 87*y + 543. Determine o(-6).
21
Let p(s) = 22*s**2 + 2*s + 27. Determine p(-3).
219
Let o(c) = 16*c**2 + 140*c + 29. Give o(-9).
65
Let k(l) = 3*l - 108. Determine k(5).
-93
Let n(a) = 7*a**2 + 78*a + 9. Give n(-11).
-2
Let b(s) = -s**2 + 47*s + 384. Give b(-7).
6
Let p(x) = -x**3 - 4*x**2 + 15*x + 17. Calculate p(-5).
-33
Let u(v) = 4*v + 353. Determine u(-91).
-11
Let c(z) = -591*z + 4672. Give c(8).
-56
Let j(k) = 129*k + 815. Determine j(-5).
170
Let o(r) = 5*r**3 - 2*r**2 - 20*r + 22. What is o(1)?
5
Let g(t) = -23*t + 34. Determine g(8).
-150
Let g(c) = 2*c**2 + 45*c + 97. What is g(-20)?
-3
Let l(x) = 2*x**2 - 98*x - 419. What is l(-4)?
5
Let s(w) = w**3 - 3*w**2 - 22*w + 19. What is s(7)?
61
Let v(u) = -2*u**3 + 8*u**2 + 41*u - 19. Calculate v(8).
-203
Let o(t) = -t**3 + 3*t**2 - 15*t - 6. What is o(5)?
-131
Let i(l) = -l**3 - 22*l**2 - 134*l - 127. Give i(-11).
16
Let o(u) = u**2 - 14*u + 24. What is o(22)?
200
Let h(y) = 2*y**2 + 364*y + 183. Determine h(0).
183
Let s(j) = -505*j - 2026. Give s(-4).
-6
Let f(u) = -98*u**2 - 4*u - 4. Give f(-1).
-98
Let s(o) = o**2 + 543*o - 3275. Give s(6).
19
Let d(k) = k**3 + 12*k**2 - 34*k - 479. Determine d(-11).
16
Let k(t) = -2*t**2 + 32*t - 128. Determine k(5).
-18
Let p(s) = 2*s**2 + 245*s - 4129. Determine p(15).
-4
Let q(l) = l**3 + 152*l**2 - 669*l - 7014. What is q(-156)?
6
Let k(p) = -79*p - 316. Determine k(-5).
79
Let b(q) = -302*q + 7554. Calculate b(25).
4
Let z(q) = 2*q + 100. What is z(-16)?
68
Let f(v) = -11*v + 57. Determine f(4).
13
Let w(u) = 2*u**3 + 21*u**2 + 37*u - 12. Calculate w(-7).
72
Let t(w) = -w**3 - 59*w**2 - 69*w - 632. Give t(-58).
6
Let o(j) = -403*j + 6046. Calculate o(15).
1
Let o(h) = 136*h**2 - 308*h - 4. Calculate o(4).
940
Let c(r) = r**3 + 73*r**2 + 279*r + 210. Calculate c(-69).
3
Let q(n) = -n**3 + 32*n**2 + 647*n 